
-5
Let i(j) be the third derivative of -j**4/12 - 2*j**3/3 - j**2. Let w be 6 - (0 + 3 + -2). Suppose -2*r + 0*r - 18 = -w*g, 12 = -5*r - 4*g. What is i(r)?
4
Suppose -l - 2 = -w - 0, 0 = 5*l + 2*w + 17. Let s(r) be the third derivative of r**4/12 + 2*r**3/3 + 3*r**2. Give s(l).
-2
Let c(d) = 5*d - 26. Let o(a) = 3*a - 17. Let x(t) = 5*c(t) - 8*o(t). Determine x(-7).
-1
Let b(m) = m + 3. Let d(s) = -2*s - 6. Let u(x) = -14*b(x) - 6*d(x). Let z(f) be the first derivative of -f**2/2 + f - 2. Let h be z(6). Determine u(h).
4
Let f(a) = a**2 + 2 - 2*a**2 + 2. Let c = -10 + 14. Suppose -4*r = -2*x - 2 - 0, -4*x - c = -3*r. What is f(r)?
4
Suppose -5*b = -5*a + 10, 5 - 19 = -b - 3*a. Let z be 0 + 1 + (b - 0). Let m(l) = -l**2 - z - 5*l + 0*l**2 + 4. What is m(-5)?
1
Let x(s) = s + 3. Let d = 4 - 9. Determine x(d).
-2
Let x(h) = -h**3 + h + 5 - 5 - 1. Determine x(0).
-1
Let y(x) be the first derivative of x**2 - 7*x - 9. What is y(-5)?
-17
Suppose c - 3 = 3*g + 9, 0 = 4*g + c + 16. Let y(d) = -3*d - 5. Calculate y(g).
7
Let g(x) = x**3 - 4*x**2 + 1. Let w be g(4). Let i(m) = -2*m**2 + m. Determine i(w).
-1
Let l be (0 - -2) + 0 + -19. Let y(q) = -20*q**3 + 4*q**2 + 2*q + 2. Let z(o) = -7*o**3 + o**2 + o + 1. Let f(m) = l*z(m) + 6*y(m). What is f(6)?
1
Let x(t) be the second derivative of t**5/60 - t**4/8 + t**3/6 - t**2/2 + 2*t. Let l(v) be the first derivative of x(v). What is l(1)?
-1
Let x(r) = -r - 4. Suppose -16*m - 25 = -11*m. Calculate x(m).
1
Let w(c) be the third derivative of -c**5/60 - c**4/12 + c**3/2 - 10*c**2. Give w(-3).
0
Suppose -1 = -4*z + 3. Let n(u) = 1 - 3 - z - 2*u + 4. Let t(i) = -3*i. Let o be t(1). Determine n(o).
7
Suppose -14*y = -10*y - 12. Let b(w) = -w**2 - w + 2. Determine b(y).
-10
Let g(j) = j**2 + 5*j - 2. Let m be ((-12)/10)/((-10)/(-25)). Let u be ((-3)/(-6) + m)*2. Give g(u).
-2
Suppose 2*y + y + 13 = w, 11 = 5*w + 3*y. Let n(j) = -j + 4. Let b be n(w). Let p(i) = -i + 2. Determine p(b).
2
Suppose 0 = 10*s - 31 + 1. Let p(k) be the third derivative of -k**4/12 + k**3/6 + k**2. Calculate p(s).
-5
Let d(z) = z. Let r(p) = -p + 1. Let g(k) = k + 7. Let n(i) = -g(i) + 4*r(i). Let w be 4/(-8)*4/2. Let m(u) = w*n(u) - 6*d(u). Calculate m(-3).
6
Let y(s) be the first derivative of s**4/12 - 4*s**3/3 + 2*s**2 - 4*s + 2. Let h(m) be the first derivative of y(m). Determine h(4).
-12
Suppose 46 = 3*k - 3*m - 53, 4*k = -m + 112. Let j(q) = 27 - 3*q + 10 - k + 2*q. Calculate j(4).
4
Let x(g) = 5*g + 4. Suppose -6*w = -10*w - 12. Determine x(w).
-11
Let m(h) be the first derivative of h**4/4 + 4*h**3/3 - 5*h**2/2 - 5*h + 100. Let n(g) = -2*g - 1. Suppose 2*a - 8 = -2*a. Let s be n(a). Determine m(s).
-5
Let m(q) = 3*q. Let g(o) = o + o + o - 2*o. Let a be (-4)/10 - (-28)/20. Let l(d) = a*m(d) - 6*g(d). Calculate l(2).
-6
Suppose -b = -4*b + 39. Let a = b - 10. Let t(y) be the second derivative of y**5/20 - 5*y**4/12 + 5*y**3/6 - y**2 + y. Calculate t(a).
-5
Let u(s) = -10*s + 11*s - 7 - 18*s**2 + 19*s**2. Suppose 2*c + 4 = y, -2*y = 2*y + 4*c + 8. Calculate u(y).
-7
Let b(z) be the second derivative of 1/360*z**6 + 1/24*z**5 + 0 + 0*z**4 + 1/6*z**3 + 0*z**2 + 2*z. Let c(d) be the second derivative of b(d). What is c(-5)?
0
Let s(c) = -5*c**2 - 2*c - 4. Let q(u) be the third derivative of -u**5/60 - u**3/6 - u**2. Let k(r) = -4*q(r) + s(r). Give k(-4).
-8
Let y = 12 - 10. Suppose 0 = n + n + 5*a + 12, 0 = -y*n - a - 4. Let r(o) = 10*o**3 + 1. Determine r(n).
-9
Let t(a) = -a**2 - 7*a + 9. Suppose 0 = 5*m - 2*r + 40, 0*r = 5*m - 3*r + 40. Give t(m).
1
Let o(m) = m**2 + 3*m + 4. Let h(z) = -2*z**2 - 6*z - 8. Let l(q) = 6*h(q) + 11*o(q). What is l(-5)?
-14
Let q(o) = o**2 + 11*o + 1. Let l(t) = t**2 + 12*t. Let k(d) = -4*l(d) + 5*q(d). Give k(-4).
-7
Let q(a) = a**3 - 7*a**2 - 9*a - 8. Let d be -3 + 22/6 + (-44)/(-6). What is q(d)?
-16
Let b(o) be the third derivative of -o**5/60 + 5*o**4/24 - o**3/2 - o**2. Let c be 3*(8/6)/1. Suppose -c*l + 15 + 6 = -w, -10 = -5*l - 2*w. What is b(l)?
1
Suppose -2*p + 7*p = 10. Let q(c) = c**2 + c - 1. Determine q(p).
5
Let j(s) = -s**2 - 4*s + 2. Let l = 4 + -11. Let t(x) = 0 - 3*x + 9*x + 2*x + x**2 + 2. Let f be t(l). Calculate j(f).
-3
Let w be ((-6)/4)/(30/40). Let n(x) be the second derivative of 7*x**3/6 + 3*x**2/2 - 2*x. Calculate n(w).
-11
Suppose -4*d - 8 = 2*m + 2, 0 = -4*d - 5*m - 19. Let u(h) = 3. Let y(q) = -q**2 + 4. Let v(s) = -3*u(s) + 2*y(s). Calculate v(d).
-3
Suppose -4*r = -2*r - 10. Let q(a) be the first derivative of -5*a**2 - 14*a + r*a + 0 + 2 + 6*a**2. Determine q(6).
3
Let t be (0 + 3)/(9/12). Let a(x) = 3*x - 4*x**3 + x**3 + 4*x**3 - 3 - t*x**2. Let g be 44/55 - 11/(-5). What is a(g)?
-3
Let y(t) = t + 1. Let n be (-4)/2*4/4. Let b(g) = -g - 1. Let f(p) = n*y(p) - 3*b(p). Let m = -10 + 15. What is f(m)?
6
Let a(s) be the second derivative of -s**8/6720 - s**7/630 - s**6/240 - s**5/40 - s**4/3 + s. Let m(y) be the third derivative of a(y). What is m(-3)?
-3
Suppose -3*w + 4*w = -4. Let a be w/(-4)*1*6. Let t = a + -11. Let y(i) = -i**3 - 6*i**2 - 5*i - 1. Give y(t).
-1
Let u be -2*(-4 + -1) + 3. Let k(q) = 11*q**2 - 8*q + 2. Let v(l) = -5*l**2 + 4*l - 1. Let g(n) = u*v(n) + 6*k(n). Calculate g(-4).
-1
Suppose j = c + 1, -c = 5*j - 1 + 2. Let t(a) = 4*a**2 - 5*a**2 - 7*a + 0 + j. What is t(-6)?
6
Let m(n) be the second derivative of -n**3/6 + 3*n**2/2 + 6*n. Calculate m(0).
3
Let a(s) = -4*s**3 - 5*s**2 - s + 9. Let m(u) = -3*u**3 - 5*u**2 - u + 8. Let n(d) = -4*a(d) + 5*m(d). Calculate n(5).
-1
Let t(r) be the second derivative of 5*r**3/6 + 2*r**2 + 18*r + 2. What is t(-3)?
-11
Let d(b) = b**3 - 3*b**2 - 4. Suppose -109 = -20*x - 29. Calculate d(x).
12
Let w(f) = 4*f - 5*f + 5*f - 5*f - 9. What is w(-8)?
-1
Let j(i) = 12*i. Suppose -7*m = -5*u - 3*m + 18, -5*u + 2*m + 14 = 0. Suppose -2*z - 4 = u*z. Determine j(z).
-12
Let q(k) = -k**3 - 8*k**2 + 8*k - 6. Suppose 0 = -2*r - 5*c - 28, -3*r + 5*c - 17 = -0*c. Calculate q(r).
3
Suppose 0 = 5*c + 5*p, 5*c + 3*p = c - 5. Let j(s) = -s**2 - 4*s + 6. Determine j(c).
1
Let k = -11 - -8. Let u(m) = m**3 - 3*m - 3 - m + 0*m + 3*m**2 + m. What is u(k)?
6
Let p(m) = -m - 10. Let y be (-5 + 1 - 0) + 4. What is p(y)?
-10
Let j(f) = -11*f + 3*f + 4 - 5*f**2 + f**2 - f. Let p(z) = -z**2 - 2*z + 1. Let r(o) = -2*j(o) + 9*p(o). Determine r(3).
-8
Let d(t) = t**3 + 2*t**2. Let u = -11 - -6. Let a(m) be the third derivative of -m**4/24 - 7*m**3/6 - 5*m**2. Let x be a(u). Calculate d(x).
0
Let y(s) = -36*s**3 + 4 + 6*s**2 - s**2 - s + 37*s**3. Determine y(-5).
9
Let z(j) be the second derivative of j**5/20 - 5*j**4/12 + j**3/2 + 9*j. Determine z(2).
-6
Let h(q) be the third derivative of q**6/40 - q**5/60 - q**4/24 + q**3/6 + 22*q**2. Calculate h(2).
19
Let q(w) be the second derivative of w**3/6 - w**2/2 - w. Suppose 5*j = j + 20. What is q(j)?
4
Let h = 2 - -5. Let c = h + -4. Suppose -3*w + 18 = c*t, -3*t + 4 = -5. Let s(q) = q**2 - q - 3. What is s(w)?
3
Let u(b) = b - 2. Suppose 0 = -y + 4*f - 2, 3*f - 36 = -5*y. Give u(y).
4
Let p = 6 + -5. Let t(u) be the first derivative of 2 - 1/2*u**2 + u. Give t(p).
0
Suppose -11 = -2*h + i, 2*h - h - 4 = -i. Let u(y) be the second derivative of y**3/3 - 5*y**2/2 + 11*y. Determine u(h).
5
Let x = 12 - 16. Let z(d) = -3*d - 4. Calculate z(x).
8
Let v(h) = -2*h + 4. Suppose 0 = 5*n + t - 12, 0 = 2*n - 0*t - 2*t. Suppose -n*u - u = -15. Determine v(u).
-6
Let r = 14 - 4. Suppose -3*p + p = -r. Let n(z) be the second derivative of -z**5/20 + 5*z**4/12 + z**3/6 - z**2 - z. Give n(p).
3
Let i(b) = -b - 5*b**2 + 7 - 5 - b. Let a be i(1). Let x(h) = h + 5. Give x(a).
0
Let c(h) = h - 7. Let z be c(4). Let d(a) = a**2 + 2. Calculate d(z).
11
Suppose 28 = 5*d - d. Let l(z) = -5 + 7 + z + 1 + d. What is l(0)?
10
Suppose -5*i = -8*w + 3*w + 10, 0 = 5*i - 3*w. Let n(t) = -2 - i - 2*t**2 + 1 + 7*t. What is n(4)?
-8
Suppose 4*u = -2 - 2. Let j(d) = 3*d**2 + 2*d + 1. What is j(u)?
2
Let l(d) = 5*d**2 - 2*d - 9. Let a(n) = 4*n**2 - 3*n - 9. Let m(x) = 6*a(x) - 5*l(x). Determine m(-6).
3
Suppose 0 = -2*j - j + 2*o - 16, -4*j - 4*o = 8. Let i(a) = -a - 7. Determine i(j).
-3
Suppose 2*g = 4*f - 4, -33 = -5*g - 2*f - 7. Suppose 0*h - 5 = -h. Let w(x) = h + 2*x - 3*x + 4*x - x**2. Determine w(g).
1
Let z(p) be 